iple of 2609?
False
Is 57 a factor of 104370942?
False
Is 410631421 a multiple of 139?
False
Does 101 divide 2276136?
True
Does 318 divide 855322692?
True
Is 55876637 a multiple of 32?
False
Is 57 a factor of 108781726?
False
Is 13 a factor of 275715869?
True
Is 17 a factor of 619344119?
True
Does 29 divide 22491252?
False
Is 13 a factor of 15583168?
False
Is 470 a factor of 35020640?
True
Is 63 a factor of 100544272?
False
Is 1631 a factor of 395191301?
False
Is 373 a factor of 170142085?
True
Does 4307 divide 638195996?
False
Is 7 a factor of 25353063?
False
Does 13 divide 1943687044?
True
Is 7 a factor of 868613977?
True
Is 53 a factor of 110928629?
True
Is 61 a factor of 11568962?
False
Is 214661112 a multiple of 327?
True
Is 106 a factor of 216830738?
True
Is 1065 a factor of 114262874?
False
Is 1107184872 a multiple of 4?
True
Is 115745800 a multiple of 200?
True
Is 540 a factor of 52835415?
False
Is 4 a factor of 27966044?
True
Is 1904753201 a multiple of 11?
False
Is 3134 a factor of 8769576?
False
Is 9 a factor of 6216066?
True
Is 1336195800 a multiple of 8325?
True
Is 452611014 a multiple of 25?
False
Is 2019 a factor of 43052617?
False
Does 149 divide 391026064?
True
Is 2680 a factor of 48980292?
False
Does 18 divide 6253956?
True
Is 4191652 a multiple of 137?
True
Does 2410 divide 70117094?
False
Is 7 a factor of 22575811?
False
Does 17 divide 54047540?
False
Does 2 divide 2809439?
False
Is 50 a factor of 43101185?
False
Is 579 a factor of 419942594?
False
Does 21 divide 648140536?
False
Is 162 a factor of 610952?
False
Does 22 divide 38148076?
False
Does 5096 divide 544829704?
False
Is 1778 a factor of 75132946?
True
Does 117 divide 5607342?
True
Is 221703408 a multiple of 83?
False
Is 134 a factor of 105351068?
True
Is 209041939 a multiple of 2188?
False
Does 212 divide 69554444?
True
Is 6966 a factor of 1157557363?
False
Is 36157280 a multiple of 20?
True
Is 81 a factor of 66322962?
True
Is 172 a factor of 425808188?
True
Does 1611 divide 432822537?
True
Is 470644480 a multiple of 58?
True
Does 31 divide 140031593?
False
Is 10 a factor of 825057091?
False
Does 1251 divide 1530543456?
True
Is 422 a factor of 408239581?
False
Does 515 divide 1373551?
False
Is 155357087 a multiple of 33?
False
Does 17 divide 354173272?
False
Is 13 a factor of 85076633?
False
Is 63119550 a multiple of 195?
True
Does 11 divide 31045696?
True
Does 14 divide 26132242?
False
Is 28483364 a multiple of 755?
False
Does 23 divide 1015709394?
True
Is 20692208 a multiple of 1879?
False
Is 4 a factor of 13781626?
False
Is 66550266 a multiple of 607?
True
Is 23 a factor of 23869565?
False
Does 6 divide 11517558?
True
Is 539 a factor of 1824384?
False
Is 236 a factor of 1678967581?
False
Is 1068 a factor of 32756383?
False
Is 1342 a factor of 40932342?
True
Is 41 a factor of 6728059?
True
Is 408938278 a multiple of 14?
True
Is 4446 a factor of 2755056489?
False
Does 4290 divide 967916718?
False
Is 57 a factor of 720124935?
False
Does 99 divide 489539158?
False
Is 238800720 a multiple of 10?
True
Does 18 divide 68132616?
False
Is 59 a factor of 105336299?
True
Does 41 divide 361358956?
False
Does 36 divide 11888244?
True
Is 4889982 a multiple of 51?
True
Does 33 divide 32884022?
False
Is 106 a factor of 128386458?
True
Is 22 a factor of 20221894?
True
Is 71 a factor of 84109261?
False
Is 13 a factor of 462424132?
False
Is 11 a factor of 950303315?
False
Is 1688636880 a multiple of 20?
True
Is 767 a factor of 203725171?
True
Is 2731405 a multiple of 2773?
True
Is 37 a factor of 16814613?
True
Is 1694257865 a multiple of 194?
False
Is 48 a factor of 7665072?
True
Does 47 divide 151534204?
True
Does 17 divide 358623245?
True
Is 218174464 a multiple of 5644?
True
Is 1238292362 a multiple of 161?
False
Does 308 divide 225335572?
True
Is 191 a factor of 26868413?
False
Does 51 divide 1296781?
False
Is 558279981 a multiple of 63?
True
Does 153 divide 49566036?
False
Does 211 divide 285674166?
True
Does 18 divide 363664067?
False
Does 194 divide 1549496?
False
Is 68302542 a multiple of 14?
True
Is 94 a factor of 52886938?
True
Does 49 divide 42992257?
True
Is 36 a factor of 819842118?
False
Is 2136179 a multiple of 2?
False
Is 31 a factor of 438034991?
True
Is 53 a factor of 31719670?
False
Is 61 a factor of 107062764?
False
Does 49 divide 24710501?
False
Does 22 divide 172732425?
False
Is 160 a factor of 42183680?
True
Is 2613026756 a multiple of 274?
True
Is 984 a factor of 183577992?
True
Does 19 divide 95002337?
True
Does 34 divide 57140094?
True
Does 2171 divide 7199036?
True
Is 196 a factor of 146205042?
False
Is 20 a factor of 161048005?
False
Does 3254 divide 40525316?
True
Is 935 a factor of 74280297?
False
Is 16 a factor of 371889822?
False
Does 91 divide 26706239?
False
Does 8 divide 510083552?
True
Does 6 divide 225592604?
False
Is 162 a factor of 19950001?
False
Is 490088610 a multiple of 930?
True
Is 1999038000 a multiple of 1500?
True
Is 59 a factor of 22273798?
True
Is 33 a factor of 506273934?
False
Is 23 a factor of 26415093?
False
Is 6 a factor of 108844324?
False
Does 3712 divide 184304512?
True
Is 31394427 a multiple of 24?
False
Does 26 divide 63735918?
False
Is 2639520 a multiple of 90?
True
Is 47 a factor of 35126813?
True
Is 11 a factor of 508945525?
True
Does 46 divide 440509508?
False
Does 72 divide 2435768726?
False
Does 4214 divide 438104296?
True
Is 72 a factor of 4109654160?
True
Is 4846288 a multiple of 8?
True
Is 10 a factor of 510031?
False
Is 6951222 a multiple of 369?
True
Does 2888 divide 301787336?
True
Is 123066287 a multiple of 55?
False
Does 4862 divide 1163170294?
True
Is 398915773 a multiple of 228?
False
Does 798 divide 675629110?
False
Is 1136 a factor of 594110152?
False
Does 77 divide 1025843280?
True
Is 166752558 a multiple of 185?
False
Does 20 divide 1006665436?
False
Does 174 divide 299014780?
False
Is 67 a factor of 399811?
False
Is 120 a factor of 466541886?
False
Does 29 divide 238456067?
True
Is 456 a factor of 126018824?
False
Does 5925 divide 860240045?
False
Is 601241 a multiple of 44?
False
Is 122 a factor of 24660348?
True
Is 27 a factor of 3405589896?
False
Is 8 a factor of 2044814?
False
Does 78 divide 3182088924?
False
Is 128336981 a multiple of 157?
True
Is 10 a factor of 41110425?
False
Is 243813831 a multiple of 168?
False
Does 540 divide 263163060?
True
Does 7 divide 3810841795?
False
Is 1281304840 a multiple of 4875?
False
Is 203 a factor of 174222913?
False
Is 1169 a factor of 200781595?
True
Is 23529516 a multiple of 47?
True
Is 117319081 a multiple of 4632?
False
Is 9933 a factor of 1415835049?
False
Is 2 a factor of 717877?
False
Is 1472929547 a multiple of 628?
False
Is 643401 a multiple of 737?
True
Does 3 divide 56288299?
False
Is 112 a factor of 224542804?
False
Does 7 divide 130227700?
False
Is 16 a factor of 4762558?
False
Does 152 divide 711961221?
False
Is 5823897 a multiple of 977?
True
Does 318 divide 164937378?
True
Is 4045950 a multiple of 18?
True
Is 8 a factor of 103681432?
True
Does 306 divide 143033778?
False
Is 425 a factor of 61330475?
True
Is 1144976875 a multiple of 12?
False
Is 78 a factor of 97262646?
True
Is 2025 a factor of 302884980?
False
Is 136302780 a multiple of 1966?
True
Is 1884154240 a multiple of 2120?
True
Is 102355198 a multiple of 782?
True
Does 4 divide 18826386?
False
Does 162 divide 219180919?
False
Does 3900 divide 139033908?
False
Is 14 a factor of 60043323?
False
Does 600 divide 117883800?
True
Is 13822373 a multiple of 31?
True
Does 36 divide 6575256?
True
Is 955 a factor of 80692725?
True
Is 5 a factor of 17940586?
False
Does 51 divide 8613186?
True
Is 346882533 a multiple of 31?
False
Is 4838850 a multiple of 75?
True
Is 17 a factor of 100343253?
False
Does 12409 divide 183342975?
True
Is 211986262 a multiple of 2492?
False
Does 11 divide 1411005686?
False
Does 4327 divide 462097658?
False
Is 7168713 a multiple of 3?
True
Is 648505426 a multiple of 3?
False
Is 111 a factor of 29500137?
True
Does 304 divide 15290288?
True
Is 931 a factor of 150130267?
True
Does 252 divide 35378028?
True
Does 29 divide 71797238?
False
Is 2066 a factor of 417580001?
False
Is 2693538 a multiple of 1359?
True
Is 66133434 a multiple of 2578?
True
Is 191 a factor of 52790872